
39
Calculate the remainder when 12/(-14)*4214/(-7) is divided by 74.
72
Let p(o) = 2*o + 3. Let u be p(2). Let y(t) = 2*t**2 - 11*t + 7. Calculate the remainder when 53 is divided by y(u).
25
Let b(n) = -9*n - 179. Calculate the remainder when 403 is divided by b(-24).
33
Let n be (-3 - -5)/((-2)/(-13)). Let w = -1 + n. Let v(r) = -r**2 + 12*r + 12. Calculate the remainder when v(7) is divided by w.
11
Suppose 2*t + 0*q - 113 = 3*q, 4*t - 216 = -4*q. What is the remainder when 125 is divided by t?
15
Suppose 0 = 19*a - 21*a + 334. What is the remainder when a is divided by 12?
11
Let x(t) be the second derivative of -t**5/20 + 7*t**4/12 - 2*t**3/3 - 11*t**2/2 + 32*t. Calculate the remainder when 25 is divided by x(5).
6
Let h(c) = -c**3 - 6*c**2 - 4*c - 3. Let n(k) = 6*k. Let i be n(-1). Let s = 18051 + -18043. Calculate the remainder when h(i) is divided by s.
5
Let v(d) = d**2 + 5*d + 33. Let j(w) = -w**2 + 6*w + 7. Calculate the remainder when v(-5) is divided by j(5).
9
Let h = 60 + -41. Suppose 0 = 4*u + 3 - h. Suppose u*c = 5*n - 38, 0 = 2*n - 0*n - c - 14. Calculate the remainder when 21 is divided by n.
3
Let o = -601 - -613. Calculate the remainder when 82 is divided by o.
10
What is the remainder when 41/(-2)*(2 + -4) is divided by (8/(-14))/((-122)/1281)?
5
Let d = 1 - -2. Let z(c) = 2*c - 1. Let f be z(d). Suppose 2*j = f*s + 88, j - s - 80 = -j. Calculate the remainder when j is divided by 10.
9
Let t(v) = -2*v**3 + 6*v**2 + 9*v - 8. Let q be t(5). Let h = -59 - q. Calculate the remainder when 10 is divided by h.
2
Suppose i - 8*f = -3*f + 105, -5*f - 5 = 0. Let o = i + -89. Calculate the remainder when 29 is divided by o.
7
Let d = 2 - -39. Calculate the remainder when d is divided by (630/(-75))/(4/(-10)).
20
Let j(c) = 18*c**2 - 7*c - 3. Let q be j(2). Suppose q = 5*f + 5*b, -b - 26 = -f + b. Calculate the remainder when 29 is divided by f.
13
Let u(y) = 2*y**2 + 2*y + 11. Let w be u(9). Suppose 0 = -5*d - 2*o + 4*o + 629, 371 = 3*d + 2*o. Let t = w - d. What is the remainder when t is divided by 17?
15
Let c be 2/(-3 + 14/4). Let j(t) = -22*t - 4. Let f(h) = 23*h + 4. Let o(b) = c*j(b) + 3*f(b). Calculate the remainder when o(-3) is divided by 14.
11
Let l = 51 - 7. Let f = 84 - l. Calculate the remainder when f is divided by 14.
12
Suppose -2*y = 3*y - 4*r + 5, 5*r - 10 = 5*y. Suppose -y*a + 3*x + x + 138 = 0, -3*x = 9. Calculate the remainder when a is divided by 12.
6
Let y = 81 + -9. Let c = y - 65. Calculate the remainder when 11 is divided by c.
4
Suppose -5*w + 4*l - 2*l = -12, 4*w - 11 = 3*l. Suppose 3*f - 23 = w*f. Let u = 95 + -28. Calculate the remainder when u is divided by f.
21
Let d(t) = -17*t + 260. What is the remainder when 3197 is divided by d(13)?
38
Let g(k) = 2*k + 3. Let v be g(4). Calculate the remainder when 14*(v/(-2))/(-1) is divided by (1274/(-539))/((-2)/22).
25
Suppose 0 = -l + 4*h + 17, 10 = 3*h + 2*h. Suppose -3*g = 2*g - 610. Calculate the remainder when g is divided by l.
22
Let y(r) = -r**3 - 12*r**2 - 7*r - 54. What is the remainder when 149 is divided by y(-12)?
29
Let z(v) = -11*v - 2. Let p be z(-1). Suppose 3*h = p*h - 120. What is the remainder when 97 is divided by h?
17
Suppose 7 = 3*b + 52. What is the remainder when 99 is divided by -3*b/3 - (-2 + 0)?
14
Let u(v) = -3*v**3 - 4*v**2 - 4*v + 8. What is the remainder when u(-3) is divided by 15?
5
Let u be 4/5*(7 + -2). Let d = u + -1. Calculate the remainder when 56 is divided by d*((-84)/(-9) + -3).
18
Let m(p) = 21*p**2 - 16*p + 26. Calculate the remainder when m(2) is divided by 27.
24
Suppose -d = -0*d - 3. Suppose -4*k = d*v - 70, 0 = 2*v - 0*k - 2*k - 56. Calculate the remainder when v is divided by 16.
10
Suppose -1751*g + 1759*g = 2248. What is the remainder when g is divided by 24?
17
Let t(z) = -6*z - 2. Let r be (2/4)/((-5)/70). Let v be t(r). Let x = -21 + v. Calculate the remainder when 73 is divided by x.
16
Suppose -3*v - 28 = 4*w, -5*v + 5*w = 4*w + 62. Suppose -3*n + 151 + 27 = 5*g, -3*n + 3 = 0. Let r = g + v. What is the remainder when r is divided by 12?
11
Let y be 399/(-15) - (-2)/(-5). Let r = -3 - y. What is the remainder when 45 is divided by r?
21
Let x = 2077 + -2067. Calculate the remainder when (-27)/((18/(-4))/3) is divided by x.
8
Let o(b) be the first derivative of -b**4/4 - 4*b**3 - 11*b**2/2 + 15*b - 6. Suppose -3*t + 0*t + 81 = 0. What is the remainder when t is divided by o(-11)?
12
Let x = -14 - -18. What is the remainder when 31 is divided by x - -4 - (-2 + (-1 - -7))?
3
Let w(u) = 4 + 1 + 15*u - 4. Calculate the remainder when w(4) is divided by 16.
13
Let d be ((-62)/8)/(3/(-12)). Suppose d + 14 = 5*v. Suppose 125 = -8*f + 13*f. What is the remainder when f is divided by v?
7
Suppose -3*s + 140 = 5*t, -4*t - 4*s = -0*s - 120. Calculate the remainder when t is divided by 8.
1
Suppose 4*v - 5*v - 3*k = -5, 3*v - 2*k = 4. What is the remainder when 88 is divided by v?
0
Suppose i + 4*a + 9 = 0, 0 = -2*i - 5*a - 0*a - 9. Suppose i*w - 12 = 96. Calculate the remainder when w is divided by 13.
10
Suppose -g - g = 2*y - 10, g - 17 = -4*y. Let n(k) = 0*k**2 - 4*k + 6*k**2 - k - 3*k**2 - y. Calculate the remainder when n(-4) is divided by 11.
9
Suppose -2 + 16 = 2*m. Let p be 32/(-2 - 51/(-24)). What is the remainder when p/14 - 6/21 is divided by m?
4
Suppose 52*w - 3800 = 14*w. What is the remainder when w is divided by 51?
49
Let w be 2 + -4 + 5 - 3. Calculate the remainder when 28 is divided by (3 - w)/3*17.
11
Let x = 882 - 858. What is the remainder when 49 is divided by x?
1
Let v be (5*6/(-60))/((-2)/16). Suppose 0 = -v*t + 2*u + 102, -u + 2 - 3 = 0. Calculate the remainder when 94 is divided by t.
19
Let n(o) = -o**2 - 7*o - 7. Let g be n(-3). Suppose -3*m = m - g*c - 40, -3*c + 72 = 4*m. What is the remainder when 56 is divided by m?
11
Let x(m) = -26*m + 75. What is the remainder when x(-3) is divided by 26?
23
Let c(p) = 3*p**2 - 9*p + 4. Let b be 4 - (-3)/3*1. What is the remainder when c(b) is divided by 9?
7
Let x = 366 + -363. Suppose 4*w = 2*y - 6, 3*y + 4*w - 9 = 2*w. Calculate the remainder when y is divided by x.
0
Let l(s) = 3*s + 7. Let n(d) = -2*d - 7. Let v(y) = 6*l(y) + 5*n(y). Calculate the remainder when v(4) is divided by 10.
9
Let n be (6/9)/((-4)/(-12)). Suppose -c - 69 = -n*c. Let i(u) = -3*u + 3. Calculate the remainder when c is divided by i(-5).
15
Suppose 45 = -0*q + 3*q. Let x(g) = 4*g**2 + g**2 + 1 + 16*g + 1 - q*g. Calculate the remainder when 27 is divided by x(-1).
3
Suppose n + 9*s - 83 = 0, 4*s - s = -2*n + 121. What is the remainder when 110 is divided by n?
54
Suppose 21*y - k = 26*y - 21, 2*y = k + 14. Suppose -4*j + j = -z + 42, -z + 42 = -y*j. Calculate the remainder when z is divided by -1*(-2)/((-4)/(-46)).
19
Suppose -3*d = -5*d + 10. Suppose -22 = -d*k + 3. Suppose 3*o - 150 = -5*z - 23, k*o - 135 = -5*z. Calculate the remainder when 91 is divided by z.
22
Suppose -2*n + 3*n = 22. What is the remainder when 129 is divided by n?
19
Let v = 42 - 38. Suppose i = 4*i + 5*j - 5, -4*i + 4*j = v. What is the remainder when 70/5 + i + -2 is divided by 7?
5
Let j(h) = -37*h**3 - 3*h**2 + h + 2. Let n be j(2). Let d(x) = x**2 - x + 2. Calculate the remainder when d(-8) is divided by (4/(-16))/(4/n).
17
Let f(u) = -16 + 1 - 4*u + 3. Calculate the remainder when f(-9) is divided by 14.
10
Let u(q) = 3*q + 61*q**2 + 4*q - 8*q. Let m be u(1). Suppose -5*v - m = -10*v. Calculate the remainder when 46 is divided by v.
10
Let a be (3/(-6))/(1/(-18)). Let q = -17 + 20. Calculate the remainder when 1/(-1 - a/(-8)) is divided by q.
2
Suppose -15 = -2*z + 5*k, 3*z - k - 13 = -3*k. Suppose -z*m + 411 = 96. What is the remainder when m is divided by 13?
11
Let t(k) = -5*k + 73. What is the remainder when 189 is divided by t(5)?
45
Suppose 0 = 5*m + 2*a - 69 - 85, m - 36 = -3*a. Let k be (-2)/5 + (-93)/5. Calculate the remainder when m is divided by -3 - (1 + k + -1).
14
Suppose -u = -2*i - 17, -18*i = -4*u - 19*i + 113. Calculate the remainder when 64 is divided by u.
10
Let w(b) = -7*b - 16. Let h be w(-4). Suppose h*q + 6 = 13*q. Calculate the remainder when 40 is divided by q.
4
Let r(y) = 3*y - 19. Let h be r(6). What is the remainder when (h + 0)*(-2 - -3) + 93 is d